{"id":255,"date":"2023-06-22T21:32:29","date_gmt":"2023-06-22T19:32:29","guid":{"rendered":"https:\/\/www.xn--derwscheladen-efb.at\/?page_id=255"},"modified":"2026-02-21T15:36:52","modified_gmt":"2026-02-21T14:36:52","slug":"impressum","status":"publish","type":"page","link":"https:\/\/www.derwaescheladen.at\/index.php\/impressum\/","title":{"rendered":"Impressum"},"content":{"rendered":"<div data-colibri-id=\"255-c1\" class=\"style-397 style-local-255-c1 position-relative\">\n  <!---->\n  <div data-colibri-component=\"section\" data-colibri-id=\"255-c2\" id=\"custom\" class=\"h-section h-section-global-spacing d-flex align-items-lg-center align-items-md-center align-items-center style-398 style-local-255-c2 position-relative\">\n    <!---->\n    <!---->\n    <div class=\"h-section-grid-container h-section-boxed-container\">\n      <!---->\n      <div data-colibri-id=\"255-c3\" class=\"h-row-container gutters-row-lg-2 gutters-row-md-2 gutters-row-0 gutters-row-v-lg-2 gutters-row-v-md-2 gutters-row-v-2 style-399 style-local-255-c3 position-relative\">\n        <!---->\n        <div class=\"h-row justify-content-lg-center justify-content-md-center justify-content-center align-items-lg-stretch align-items-md-stretch align-items-stretch gutters-col-lg-2 gutters-col-md-2 gutters-col-0 gutters-col-v-lg-2 gutters-col-v-md-2 gutters-col-v-2\">\n          <!---->\n          <div class=\"h-column h-column-container d-flex h-col-lg-auto h-col-md-auto h-col-auto style-400-outer style-local-255-c4-outer\">\n            <div data-colibri-id=\"255-c4\" class=\"d-flex h-flex-basis h-column__inner h-px-lg-2 h-px-md-2 h-px-2 v-inner-lg-2 v-inner-md-2 v-inner-2 style-400 style-local-255-c4 position-relative\">\n              <!---->\n              <!---->\n              <div class=\"w-100 h-y-container h-column__content h-column__v-align flex-basis-100 align-self-lg-start align-self-md-start align-self-start\">\n                <!---->\n                <div data-colibri-id=\"255-c5\" class=\"h-row-container gutters-row-lg-1 gutters-row-md-1 gutters-row-0 gutters-row-v-lg-1 gutters-row-v-md-1 gutters-row-v-1 style-404 style-local-255-c5 position-relative\">\n                  <!---->\n                  <div class=\"h-row justify-content-lg-center justify-content-md-center justify-content-center align-items-lg-stretch align-items-md-stretch align-items-stretch gutters-col-lg-1 gutters-col-md-1 gutters-col-0 gutters-col-v-lg-1 gutters-col-v-md-1 gutters-col-v-1\">\n                    <!---->\n                    <div class=\"h-column h-column-container d-flex h-col-lg-auto h-col-md-auto h-col-auto style-406-outer style-local-255-c6-outer\">\n                      <div data-colibri-id=\"255-c6\" class=\"d-flex h-flex-basis h-column__inner h-px-lg-1 h-px-md-1 h-px-1 v-inner-lg-1 v-inner-md-1 v-inner-1 style-406 style-local-255-c6 position-relative\">\n                        <!---->\n                        <!---->\n                        <div class=\"w-100 h-y-container h-column__content h-column__v-align flex-basis-100 align-self-lg-start align-self-md-start align-self-start\">\n                          <!---->\n                          <div data-colibri-id=\"255-c7\" class=\"h-text h-text-component style-408 style-local-255-c7 position-relative h-element\">\n                            <!---->\n                            <!---->\n                            <div class=\"\">\n                              <p><strong style=\"font-weight: 700; font-size: 16px; font-family: &quot;Open Sans&quot;; color: rgb(70, 112, 127);\">Name<\/strong><span style=\"font-weight: 400; font-size: 16px; font-family: &quot;Open Sans&quot;; color: rgb(70, 112, 127);\"><br>Bettina Leonhartsberger<\/span>\n                                <br>\n                                <br><strong style=\"font-weight: 700;\">Rechnungs-Adresse<\/strong>\n                                <br><span style=\"font-weight: 400; font-size: 16px; font-family: &quot;Open Sans&quot;; color: rgb(70, 112, 127);\">Struden 85<\/span>\n                                <br><span style=\"color: rgb(70, 112, 127); font-family: &quot;Open Sans&quot;; font-size: 16px; font-weight: 400;\">4381 St. Nikola an der Donau<\/span>\n                                <br><span style=\"font-weight: 400; font-size: 16px; font-family: &quot;Open Sans&quot;; color: rgb(70, 112, 127);\">\u00d6sterreich<\/span><\/p>\n                              <p><strong style=\"font-size: 16px; font-family: &quot;Open Sans&quot;; color: rgb(70, 112, 127); font-weight: 700;\">Verkaufs-Adresse (Gesch\u00e4ft)<\/strong>\n                                <br><span style=\"color: rgb(70, 112, 127); font-family: &quot;Open Sans&quot;; font-size: 16px; font-weight: 400;\">Kreuznerstra\u00dfe 29<\/span>\n                                <br><span style=\"color: rgb(70, 112, 127); font-family: &quot;Open Sans&quot;; font-size: 16px; font-weight: 400;\">4360 Grein<\/span>\n                                <br><span style=\"color: rgb(70, 112, 127); font-family: &quot;Open Sans&quot;; font-size: 16px; font-weight: 400;\">\u00d6sterreich<\/span><\/p>\n                              <p><strong style=\"font-weight: 700;\">Unternehmensgegenstand<\/strong>\n                                <br>Handel\n                                <br>\n                                <br><strong style=\"font-weight: 700;\">Kontaktdaten<\/strong>\n                                <br>+43 676 7065904\n                                <br>info@derwaescheladen.at\n                                <br>\n                                <br><strong style=\"font-weight: 700;\">UID-Nummer<br><\/strong>ATU78940229\n                                <br>\n                                <br><strong style=\"font-weight: 700;\">Mitglied bei<br><\/strong>WKO\n                                <br>\n                                <br><strong style=\"font-weight: 700;\">Aufsichtsbeh\u00f6rde<\/strong>\n                                <br>Bezirkshauptmannschaft Perg\n                                <br>\n                                <br><strong style=\"font-weight: 700;\">Berufsbezeichung<\/strong>\n                                <br>Handel\n                                <br>\n                                <br><strong style=\"font-weight: 700;\">Verleihungsstaat<\/strong>\n                                <br>\u00d6sterreich\n                                <br>\n                                <br><strong style=\"font-weight: 700;\">Angaben zur Online Streitbeilegung<br><\/strong>Verbraucher haben die M\u00f6glichkeit, Beschwerden an die OnlineStreitbeilegungsplattform der EU zu richten: https:\/\/ec.europa.eu\/odr\n                                <br>\n                                <br>Wir m\u00f6chten Sie jedoch darauf hinweisen, dass wir nicht bereit oder verpflichtet sind, an Streitbeilegungsverfahren vor einer Verbraucherschlichtungsstelle teilzunehmen.\n                                <br>\n                                <br><strong style=\"font-weight: 700;\">Haftung<\/strong>\n                                <br>Leider k\u00f6nnen wir keine Haftung f\u00fcr die Korrektheit aller Inhalte auf dieser Webseite \u00fcbernehmen. Sollten Ihnen problematische oder rechtswidrige Inhalte auffallen, bitten wir Sie uns zu kontaktieren. Die Kontaktdaten stehen\n                                in der Datenschutzerkl\u00e4rung.\n                                <br>\n                                <br><strong style=\"font-weight: 700;\">Urheberrechtshinweis<\/strong>\n                                <br>Alle Inhalte dieser Webseite (Bilder, Fotos, Texte, Videos) unterliegen dem Urheberrecht. Sollten Sie auf dieser Webseite Inhalte finden, die das Urheberrecht verletzen, bitten wir Sie uns zu kontaktieren.<\/p>\n                            <\/div>\n                          <\/div>\n                        <\/div>\n                      <\/div>\n                    <\/div>\n                  <\/div>\n                <\/div>\n              <\/div>\n            <\/div>\n          <\/div>\n        <\/div>\n      <\/div>\n    <\/div>\n  <\/div>\n<\/div>","protected":false},"excerpt":{"rendered":"<p>NameBettina Leonhartsberger Rechnungs-Adresse Struden 85 4381 St. Nikola an der Donau \u00d6sterreich Verkaufs-Adresse (Gesch\u00e4ft) Kreuznerstra\u00dfe 29 4360 Grein \u00d6sterreich Unternehmensgegenstand Handel Kontaktdaten +43 676 7065904 info@derwaescheladen.at UID-NummerATU78940229 Mitglied beiWKO Aufsichtsbeh\u00f6rde Bezirkshauptmannschaft Perg Berufsbezeichung Handel Verleihungsstaat \u00d6sterreich Angaben zur Online StreitbeilegungVerbraucher haben die M\u00f6glichkeit, Beschwerden an die OnlineStreitbeilegungsplattform der EU zu richten: https:\/\/ec.europa.eu\/odr Wir m\u00f6chten Sie [&hellip;]<\/p>\n","protected":false},"author":1,"featured_media":0,"parent":0,"menu_order":0,"comment_status":"closed","ping_status":"closed","template":"page-templates\/full-width-page.php","meta":{"footnotes":""},"class_list":["post-255","page","type-page","status-publish","hentry"],"_links":{"self":[{"href":"https:\/\/www.derwaescheladen.at\/index.php\/wp-json\/wp\/v2\/pages\/255","targetHints":{"allow":["GET"]}}],"collection":[{"href":"https:\/\/www.derwaescheladen.at\/index.php\/wp-json\/wp\/v2\/pages"}],"about":[{"href":"https:\/\/www.derwaescheladen.at\/index.php\/wp-json\/wp\/v2\/types\/page"}],"author":[{"embeddable":true,"href":"https:\/\/www.derwaescheladen.at\/index.php\/wp-json\/wp\/v2\/users\/1"}],"replies":[{"embeddable":true,"href":"https:\/\/www.derwaescheladen.at\/index.php\/wp-json\/wp\/v2\/comments?post=255"}],"version-history":[{"count":14,"href":"https:\/\/www.derwaescheladen.at\/index.php\/wp-json\/wp\/v2\/pages\/255\/revisions"}],"predecessor-version":[{"id":2721,"href":"https:\/\/www.derwaescheladen.at\/index.php\/wp-json\/wp\/v2\/pages\/255\/revisions\/2721"}],"wp:attachment":[{"href":"https:\/\/www.derwaescheladen.at\/index.php\/wp-json\/wp\/v2\/media?parent=255"}],"curies":[{"name":"wp","href":"https:\/\/api.w.org\/{rel}","templated":true}]}}